Give l(w).
4
Let f(z) = -z**3 - 2*z - 1. Let k(a) be the third derivative of a**6/60 + a**5/60 + a**4/8 + a**3/6 - 4*a**2. Let b(h) = 4*f(h) + 3*k(h). Calculate b(-2).
-7
Let i be 9*-3*(-3)/27. Let n(v) = v**2 - 9*v - 2. Let l(y) = -y - 1. Let h(j) = 4*l(j) - n(j). Give h(i).
4
Let n(r) = -4*r**2 + 7*r + 10. Let f be 5/2*(-16)/(-20). Let y(a) = -2*a - a**f + 3*a + 3 - 3*a + 4*a. Let k(i) = -2*n(i) + 7*y(i). Determine k(-1).
2
Let m(v) = -v. Let x = 2 - -1. What is m(x)?
-3
Let a(q) be the second derivative of -q**6/120 + q**5/30 - q**4/12 + 4*q**3/3 + 3*q. Let p(g) be the second derivative of a(g). Give p(2).
-6
Let l(k) = -k**3 - 2*k**2 + 2*k + 1. Suppose 0 = -4*m - 10 - 2. Let p = 6 + -5. Let u = p + m. Calculate l(u).
-3
Let s(h) be the third derivative of -1/180*h**6 + 0*h + 1/60*h**5 + 0 + h**2 - 1/24*h**4 - 1/3*h**3. Let d(t) be the first derivative of s(t). Give d(2).
-5
Let x be (-3)/(-6) + 1/(-2). Suppose -3 = -x*l - l. Let w(h) = h**3 - 3 + 0*h**l + h - 4*h + h + 3*h**2. What is w(-4)?
-11
Let y = 5 - 6. Let m(w) be the second derivative of 3*w**5/20 - w**4/12 + w**2/2 - 14*w. Calculate m(y).
-3
Let y(f) = -4*f + 43. Let d be y(12). Let q(v) = -v**3 - 5*v**2 + 2*v - 2. Give q(d).
-12
Let y(w) = w**3 - 3*w**2 + 2*w - 3. Let v be -1*(3 - 8/(-2)). Let p(f) = 2*f + 9. Let o be p(v). Let q = -2 - o. Calculate y(q).
3
Let j(z) = 5*z**2 - 7*z + 9. Let l(x) = 4*x**2 - 7*x + 8. Let s(t) = 3*j(t) - 4*l(t). Let r be ((-26)/39)/(6/(-45)). What is s(r)?
5
Let g = -5 + 7. Let s(n) = 0 + 6*n - 3 - g + n**2. What is s(-6)?
-5
Let k(b) be the first derivative of -b**6/120 - b**5/12 + 7*b**4/24 + b**3/6 - b**2 + 2. Let u(m) be the second derivative of k(m). Determine u(-6).
-5
Let c(a) be the third derivative of -a**4/24 + a**3/3 + 54*a**2. Give c(3).
-1
Let r = 15 - 5. Suppose -5*d - r = -0*d. Let w(g) = -g**3 - 2*g**2 + g - 1. Give w(d).
-3
Let w(z) = z. Suppose h - 20 = 6*h. Let m be (-10)/3*(-3 + 0). Let j(u) = 2*u + 1. Let y(p) = h*j(p) + m*w(p). Calculate y(4).
4
Let p(g) be the second derivative of g**3/6 - g**2 + 5*g. Let t = 4 + 0. Determine p(t).
2
Let l be (2 + 0)/4*0. Suppose l*u = -3*m + 3*u + 3, u - 14 = -2*m. Let c(t) = -t**2 + 4*t + 6. Determine c(m).
1
Let a(t) = t**3 - 5*t**2 + t - 3. Let j be (6/(-4))/((-6)/16). Let y(m) = m + 3. Let b be y(j). Suppose -z = 2 - b. Give a(z).
2
Let r(g) be the first derivative of g**4/4 - 5*g**3/3 - 2*g**2 - 8*g - 23. What is r(6)?
4
Let m(u) = u**2 + 5*u - 1. Suppose 4*o = 3 - 11. Suppose -2 = a + 1, j = -5*a - 17. Let k be (o + 0)/(j/(-4)). Give m(k).
-5
Let b(j) = -j**3 - 3*j**2 + 1. Let c(g) = 2 - 2*g + 8*g - 5 + g**2. Let k be c(-6). Calculate b(k).
1
Suppose o + 1 = -2*b + 12, 15 = o + 3*b. Let w = 4 - -9. Suppose -a = o*a + i + w, -5*a - i = 16. Let r(m) = -2*m**2 - 5*m - 4. Calculate r(a).
-7
Let z be ((-4)/(-8) - 0)*6. Suppose -5 = z*s - 4*s. Let c(n) = -3*n + 1. Give c(s).
-14
Suppose -7*q = 21 - 7. Let f(a) = -3*a - 3. Give f(q).
3
Suppose -4*r + 1 = -23. Suppose 3*o - 5*o = -r. Suppose 3*f = -3*t - 30, 0 = -o*t - 3*f + f - 25. Let q(h) = -h**3 - 6*h**2 - 4*h + 2. Calculate q(t).
-3
Suppose -3*q = -2*a, 0 = 3*a + 4*q - q - 15. Let f(z) = -3*z**2 + 2*z - 4*z**2 + z**a + 3*z**2. What is f(4)?
8
Suppose -3*l - 5 = 3*d + l, -4*d + l = -25. Let x be (d + -2)*(1 - 0). Let k(s) = -s**x - 2 + 0*s**2 + s**2 + 11 - 3*s + 2*s. Calculate k(0).
9
Let f = 10 + -6. Suppose 5*u - 4*w = -20, -u + 7*w = 4*w + f. Let l(x) be the first derivative of -x**3/3 - 5*x**2/2 + 2*x - 2. Give l(u).
6
Let u(k) = k**2 + 7*k + 4. Let l(q) be the first derivative of -2*q**3/3 + 5*q**2/2 - 2*q + 2. Let g be l(3). Determine u(g).
-6
Let k(s) = 3*s - 3. Suppose 6*d - 36 = -3*d. Determine k(d).
9
Let h(v) = -v + 2. Let i(z) = z - 3. Let u(g) = 4*h(g) + 3*i(g). Let m be u(-7). Let w(d) = -d + 3. Give w(m).
-3
Suppose -3*s = 3*s + 24. Let c = 10 + -6. Let r(j) = c*j - 2*j - j**2 + j**3 + 5*j**2. Give r(s).
-8
Let g(j) = -5*j + 3. Let t(u) = u**2 + u + 11. Let f be t(0). Let b(h) = 14*h - 8. Let a(l) = f*g(l) + 4*b(l). Determine a(3).
4
Let s(n) be the second derivative of -n**7/2520 + n**6/120 - n**5/20 + n**4/3 + 3*n. Let f(r) be the third derivative of s(r). Determine f(5).
-1
Let w(a) = -a**3 - a**2 - a + 1. Suppose 0*y - 4*y = -3*u - 13, -4*u = 3*y + 9. What is w(u)?
22
Let l be -3 - -2 - (-3 + 0). Let b(p) = -3*p + l*p + 2*p - 3 - 3*p. Calculate b(-2).
1
Suppose -4*c - 6*w - 29 = -w, 2*c + 4*w + 16 = 0. Let q(m) = m + 3. Give q(c).
-3
Let i(h) = h**2 + 3*h - 1. Suppose -6*u + 36 = -15*u. Calculate i(u).
3
Suppose d = -3*d + 4. Let q(c) = -4*c**3 - c + 1. Give q(d).
-4
Let h(b) = -b - 1. Let d be h(3). Let n(f) = -5*f**2 - 6 + 4*f**2 - 6*f - f. What is n(d)?
6
Let q = -4 - -6. Suppose q = -2*g + 3*j, -2*j + 29 = 5*g - j. Let u(c) = -c + 7. Give u(g).
2
Let u be (-1 - -1) + 1 + 3. Let f(t) = -u - t + t - t. Let r be (-46)/(-14) - 4/14. Give f(r).
-7
Let n(q) = q**3 - 3*q**2 - 4*q + 3. Suppose 4*g - m - 12 = 0, -3*m = -0*m + 12. Let f = -4 + g. Let l be (-4 - f) + (-18)/(-3). Determine n(l).
3
Let s(p) = -4*p**3 - 3*p**2 - p + 5. Let w(c) = 4*c**3 + 2*c**2 + c - 4. Let i(r) = -4*s(r) - 5*w(r). Give i(1).
-3
Let m(v) = -2*v + 6. Let b(w) = 1. Let k(t) = -14*b(t) + 2*m(t). Determine k(-3).
10
Let b(s) = 0 - s**3 - 4*s + 1 - 10*s**2 + 4*s**2. Let m(u) = u**2 + 4*u - 7. Let c be m(-7). Let p = 9 - c. Calculate b(p).
-4
Suppose 11 = -4*i - 4*d - 21, 4*d - 4 = 5*i. Let m(p) = p**2 + 6*p + 2. Determine m(i).
-6
Let v = -19 + 23. Let x(k) = -4*k + 4. Calculate x(v).
-12
Let l(a) = -a. Let y(q) = -q**3 + q - 2. Let d be y(0). Give l(d).
2
Suppose -3*x - 5*r + 16 = -0*x, 2*r = -3*x + 10. Let f(y) be the second derivative of y + 0*y**x + 0 + 1/3*y**3. Give f(2).
4
Let a(s) = -4*s**2 + s + 1. Suppose -15 = -2*n - n. Suppose 0 = y + 2*v - 0*v, 0 = n*y - 5*v. Suppose -3 = 3*q - y*q. Calculate a(q).
-4
Let a be 1*(2 - -1) - 4. Let q(o) = -o + o**3 - o**2 - 2*o**3 - 3*o**3. Calculate q(a).
4
Suppose 48 = 5*f - f + 5*s, f + 3*s = 19. Let u be 40/f - (-26)/91. Let d(c) = c**3 - 5*c**2 - 6*c - 7. Calculate d(u).
-7
Let m(u) = -5*u**3 + 2*u**2 - 5*u + 5. Let o(d) = -14*d**3 + 7*d**2 - 14*d + 14. Let g(q) = -11*m(q) + 4*o(q). Give g(6).
-5
Let k be (-2)/(-4)*22 - 1. Let s be (-72)/15*k/(-2). Let r(q) = -s - 2*q + 24. Determine r(1).
-2
Let k be (1 + -2*1)/(-1). Let u = k + -5. Let h(g) be the first derivative of g**2/2 + 2*g + 5. What is h(u)?
-2
Let w(g) = -g - 5. Let z = -46 - -41. What is w(z)?
0
Let p(y) be the third derivative of y**4/12 + 2*y**3/3 + 5*y**2. Let f(u) = u + 1. Let o be f(-5). What is p(o)?
-4
Let g(h) = h**3 + 9*h**2 + 1. Let d be g(-9). Let u be d + (-2 - -2 - 0). Let p(r) = 6*r**2 + 2*r - 1. Determine p(u).
7
Let d(n) = -n**2 - 5*n + 1. Let c be d(-4). Let i(f) = -f**2 + 13*f - 7. Let m be i(12). Let o(q) = 3*q**2 + 4 + q**2 - 2*q - 3*q**2 - m*q. What is o(c)?
-6
Suppose 49 = 3*d - 5*o, d - 13 = 2*o - o. Let g(v) = 21*v**2 + 2*v - 3. Let b(m) = 2 - 6*m**2 - 1 - m - m**2. Let y(c) = d*b(c) + 3*g(c). Calculate y(-1).
8
Let x(a) be the second derivative of -a**5/20 + a**4/12 - a**3/6 - 2*a**2 + 2*a. Let c be 0/(-17)*(-1 - 0). Calculate x(c).
-4
Let n = -8 + 10. Let j be 1*n*1/1. Suppose -7*b + 15 = -j*b. Let m(t) = -t**3 + 3*t**2 - 3*t + 3. What is m(b)?
-6
Let n(q) = -q - 4. Let k be n(-5). Let l(o) = -o. Let u(p) = 4*p + 7. Let v(f) = k*u(f) + 3*l(f). Give v(-3).
4
Suppose -j + 2 = -0. Let y(n) = -n - j*n**2 - n + 0*n**2 + 1 + n**3. Let b be (-13)/(-4) - (-6)/(-24). Calculate y(b).
4
Let o(g) be the first derivative of -g**2/2 + g + 4. Calculate o(5).
-4
Let c(l) be the third derivative of -l**6/120 + l**5/10 + 3*l**4/8 - l**3 - 8*l**2. Determine c(7).
8
Let z(k) = -3*k - 3. Let b(l) = l**3 + 4*l**2 + 2*l + 4. Let j be b(-4). Calculate z(j).
9
Suppose 7 = -2*y - 5*s, -5*y - 2*s + 8 = -27. Let g(q) = 2*q**2 + q + 15. Let t(o) = -o**2 - 3 - 2 - 2. Let c(n) = y*t(n) + 4*g(n). What is c(2)?
1
Let i(g) = g**2 - g - 1. Let b = -1 - -2. Let y(h) be the first derivative of 11*h**3/3 - 3*h**2/2 - 4*h - 1. Let o(q) = b*y(q) - 4*i(q). Determine o(-1).
6
Let w(z) = -2. Let q(n) = 4*n - 13. Let p(b) = 2*q(b) - 14*w(b). Calculate p(-2).
-14
Let g(z) = -z. Let t = 0 + 6. Let c = t + -4. What is g(c)?
-2
Let t(p) = 11*p - 25*p + 17*p +